(3 - (-26 + 21)) - -6.
10
4 - (52 + -58 + (16 - -1))
-7
Calculate (8 - (-2 - -7 - -12)) + 24.
15
What is 5 - (4 + -17 + 7)?
11
What is the value of (0 + 13 - 4) + -20?
-11
What is -11 - (-21 + 22 - (11 - (2 - 0)))?
-3
What is 4 + (-14 + 21 - 13 - (12 - -2))?
-16
Evaluate 4 - (-1 - 9) - (-1 + 7).
8
-1 - (4 + -11 - -15)
-9
What is the value of 21 + (-10 + -11 - -9)?
9
Calculate 1 + 15 - ((44 - 40) + -7).
19
Evaluate (0 - 8) + 1 + 4 - 4 - 9.
-16
Evaluate 1 + 0 + -86 + 80.
-5
What is the value of 7 + 2 + 2 - (1 + 20)?
-10
Evaluate -14 - ((-8 - (2 + -3)) + 5).
-12
What is the value of (-7 - ((-17 - -18) + -18)) + 1?
11
Evaluate 5 + 17 + -37 - -23.
8
23 + -51 + (-2 - 9) - (-6 - -1)
-34
Calculate 2 - 0 - (0 + 5 - (13 + -24)).
-14
Calculate (15 - 9) + -19 + -4 + 9.
-8
-15 + 26 - ((-3 - 0) + -6)
20
Evaluate 11 + (-18 + 39 - 16).
16
Calculate 4 + (18 - 23 - ((-3 - -3) + 7)).
-8
3 - (-3 - (1 - (-3 - -8)))
2
What is (12 - 0) + (13 + -14 - -1) - 8?
4
What is the value of 1 + 1 + 3 + 10 + -6?
9
Evaluate -4 + -11 - (-22 + 63 + -32).
-24
What is the value of 13 + (2 - 15) + -16 + (-1 - 6)?
-23
What is the value of -2 + -10 + 11 - -1?
0
What is (1 - 12) + 408 + -384?
13
What is 27 + (-17 - (-5 + 2))?
13
Calculate -25 - -16 - (6 + (3 + 3 - 1)).
-20
Evaluate (-38 - -21) + (4 - 3).
-16
What is 3 + (-28 - (-5 - 35))?
15
Evaluate 19 + (-32 - (-39 + 1)).
25
What is -4 + 5 + (-14 - -6) + 25?
18
Evaluate (-3 + -8 - -7) + 7 + (2 - 3).
2
What is the value of -3 - (0 + -4 + 3)?
-2
Evaluate -49 + 38 + (-2 - -3).
-10
Evaluate 1 - ((-9 - -6) + (-3 - 0)).
7
What is -1 - (17 + -27 + -6)?
15
Evaluate (1 - -5) + (-24 + 16 - (-4 + 0)).
2
What is the value of -1 + 1 - (-131 + 115 + 7 + 0)?
9
Evaluate (0 - 1) + (-12 - (-31 - -19)).
-1
-10 + 3 + (9 + 3 - (7 + -3))
1
What is 14 + -1 + (-6 - -5) - -12?
24
What is (10 - (16 - -6)) + 7?
-5
What is -5 + 3 - (8 + -7 + 12)?
-15
-8 + -11 - (-8 + -8)
-3
What is the value of (-2 - -8) + -13 + 6 + (1 - 5)?
-5
Calculate -37 - (-15 + -4 + 13).
-31
Evaluate 38 + -28 - (-3 - -23) - -18.
8
Evaluate (-15 - (-34 - -21)) + 30.
28
Evaluate -4 - (5 + (3 - 9 - 3) + 2).
-2
What is (-10 - (-96 - -69)) + (0 + -1 - -1)?
17
What is (-7 - -29 - 43) + (-1 - -13)?
-9
(-10 - -2) + 8 + -1 - (-1 + 6)
-6
Evaluate 8 + 1 + -14 + 3.
-2
What is the value of 30 + (12 - (16 + 9)) + 6?
23
Evaluate (1 - -6) + (-291 - -297).
13
What is -5 + 99 + -103 + (-1 - (1 + -14))?
3
What is 14 + 0 + -2 + 0 + 1 + 0?
13
Evaluate 0 - -16 - -2 - (8 - 4).
14
(-117 - -93 - (-1 - 12)) + -14
-25
-34 - ((6 - (0 + (-1 - -24))) + 7)
-24
Evaluate -14 + 8 + (-17 - (-15 - 12)).
4
Evaluate (-21 - -16 - -5) + 3 + -2.
1
What is (-84 + 105 - (0 + 14)) + -41?
-34
What is -3 - (-30 + 11) - 31?
-15
What is -2 + (7 - (5 + -5))?
5
What is the value of 67 + -7 + 90 + -137?
13
38 + (-3 - 16) - 13
6
Calculate 5 + 20 - (10 - -4).
11
Calculate 15 - (-6 - -14 - (8 - 4)).
11
(1 - -3) + -8 - (-12 - -6 - -12)
-10
Evaluate -1 - (11 + -4 + -6) - -2 - -7.
7
Calculate -6 - (-3 + (20 - 40) + 28).
-11
Evaluate -6 + (1 - 0) - (16 + 0 - 15).
-6
What is 17 + (7 - (10 + 27))?
-13
What is the value of 2 - 22 - (-11 + 20 + -12 - -13)?
-30
What is 8 + (4 - (-12 + 24))?
0
What is the value of 0 - -9 - (-1268 + 1269)?
8
What is the value of -10 - (-1 + -6 - -5) - 2?
-10
Evaluate 1 + 7 - 1 - (-163 - -175).
-5
What is -6 + 3 + 60 + -57?
0
Calculate -35 + 4 + (0 - -6 - -3).
-22
What is -22 + 2 + -7 + 46?
19
What is the value of 24 + -23 - (-1 + 5 - (4 + 13))?
14
What is the value of 0 - (-6 + -6) - (23 + 17 + -12)?
-16
What is the value of 15 - ((-2 + -2 - 3) + 9)?
13
What is the value of -1 + 7 - (-8 + -11 + 20)?
5
-1 + -28 - (343 - 339)
-33
(148 + -140 - (42 - (1 - 1))) + 6
-28
What is 18 + -4 + -14 - (-3 + (0 - -15))?
-12
What is (7 - 3) + -8 - (-34 + 23)?
7
Evaluate 6 + 1 + -3 - (7 + -6 + 5).
-2
What is the value of -46 + -1 + (-24 + 5 - -17) + 10?
-39
Evaluate -337 + 335 - (2 - 2 - -8).
-10
Calculate -32 + 13 + (9 - (0 + 8)).
-18
What is 5 + -8 + -8 + (17 - 7)?
-1
What is the value of 2 + (-9 - ((1 - 4) + -7)) + -7?
-4
What is -7 + (-7 - -23) - (13 + 1)?
-5
What is the value of 22 + ((2 - 11) + 8 - -3)?
24
Evaluate -10 - ((-19 - -41) + -35).
3
(13 + 4 - (-2 - -5 - -2)) + -2
10
(-3 - 21) + 55 + -8
23
(-95 - -83) + (-2 - -2)
-12
What is the value of -22 - 0 - (133 + -150)?
-5
-10 - 10 - (24 - 28)
-16
What is 6 + 1 + (-24 - 0 - (74 - 88))?
-3
What is 6 - ((-11 - (10 - 10)) + 22)?
-5
Evaluate 1 - 5 - (-121 - -126).
-9
Calculate 7 - (3 + 5 + -10 + 7).
2
Calculate -1 + (4 - (-3 + (18 - (13 + -5)))).
-4
Calculate 8 + -3 + 15 + -23.
-3
Calculate -8 + (-2 - 30) + (-65 - -71).
-34
Calculate 10 - (-10 + (9 - (12 - 20))).
3
Calculate -29 - (-51 - -34 - -24).
-36
71 + -77 + (2 + -1 - -3)
-2
Calculate 17 + -37 + (8 - -13).
1
1 + -4 - (63 + -55 - 47)
36
What is -33 + 2 - (-50 + -1)?
20
What is (-24 - -16) + (0 + 0 - -10)?
2
Evaluate (-4 - 8) + 52 + -55.
-15
Evaluate -8 + 9 + 0 + -10 + -17.
-26
What is the value of -11 - 0 - (-140 + 117) - 4?
8
(1 - 1) + (-159 - -170)
11
-13 - (-13 - (-11 - 9) - 39)
19
Calculate 0 - -4 - (-2609 + 2645).
-32
Evaluate 17 - (1 - (13 - 25)).
4
Evaluate (-7 - -1) + 23 + 1 + -9.
9
Evaluate -2 + (6 - (-8 - (8 - 22))) + 0.
-2
Evaluate 5 - (2 + 7 - (5 + 2 + -1)).
2
What is 10 + 42 + -35 + (2 - 1)?
18
Evaluate -4 + 14 + 7 + -8 - -25.
34
What is 5 - (3 - -4 - (-29 - -43))?
12
Evaluate (-3 - (1 + -9)) + -12 + 2 - -3.
-2
1 - (2 - (-1 - -4) - -3 - 3)
2
33 + 16 + 9 + -30
28
Calculate 2 + -9 + 15 + 3 + (-1 - -8).
18
Evaluate 6 - (21 + (-1 + -21 - -3)).
4
What is the value of 0 - -4 - (-7 - 4 - -8 - 6)?
13
What is 6 - (-15 + 26 + 0)?
-5
Calculate (11 - (-10 + 12)) + -34.
-25
-6 - (-9 + 15) - -23
11
-160 + 161 - (1 - -1 - (11 - 1))
9
Calculate (6 - 33) + -9 + 6.
-30
What is the value of -8 + (-4 - (-16 + 8)) + 7?
3
0 + -10 + (9 - (-2 + 11) - 5)
-15
Calculate (4 + 5 - 2) + -8.
-1
What is the value of (2 - 1) + (-3 + 0 - (-135 + 130))?
3
Calculate (-13 - 0) + (234 - 217).
4
192 - 192 - (16 - (3 - 2))
-15
Evaluate -6 - -1 - (1 + 1 + 0 - -12).
-19
Evaluate -26 + (24 - 6) + -6.
-14
Calculate (-58 - -32) + 18 + 9 + -1.
0
Calculate (-18 - (-12 + -6 - -8)) + -8.
-16
What is -1 + -18 + 230 + -232?
-21
Evaluate 6 + (-15 - (-3 + -4)).
-2
What is the value of (3 - 1) + (63 - 54) - -1?
12
What is 3 + -4 + (0 + -5 - (169 - 170))?
-5
What is -30 + -1 + 42 + (-9 - -1)?
3
Evaluate 10 - (9 - (10 - 9)) - (11 + 1).
-10
What is 4 + 2 + 1 + (-14 - -7 - -3)?
3
Evaluate 22 + -11 + -6 - 11.
-6
What is -22 + (28 - (-6 + 10 + 9))?
-7
What is (7 - 0) + (14 + -25 - -11)?
7
What is the value of -22 - (-37 - (10 + -18))?
7
Calculate 1 - -41 - (111 + 1 - 100).
30
What is the value of 1 + -19 + (-10 - -22) + -3?
-9
What is -1 + 16 - (105 - 102)?
12
What is the value of 13 - 11 - 3 - (5 + -4)?
-2
Evaluate 2 + (-4 - -17) - 17.
-2
Calculate -5 - ((0 - 0) + (16 - 22 - 4)).
5
Evaluate -12 - (19 + 7 + -3 + -1 + -1).
-33
8 - ((21 - 1) + -8 + 5)
-9
Calculate 7 - (-9 + (33 - 5) - -3).
-15
What is -7 - (2 + 0 + (3 - 15) + 14)?
-11
What is the value of -5 + (-3 - ((-1 - -8) + (22 - 25)))?
-12
What is the value of 21 + 7 - (0 - -17)?
11
Calculate 5 - (-36 - -27 - 12).
26
Calculate (1074 - 1078) + 0 + 0 + 11.
7
What is 5 - (-2 + -3 + 4 - -25)?
-19
-3 - (-26 + -3) - (-16 + 28)
14
Calculate -22 + (-5 - -2) + 18.
-7
4 + (-24 - (-1 - 3))
-16
What is the value of -49 + -1 + 11 - (-10 + -3)?
-26
What is -17 - (-10 - (19 - 27))?
-15
What is -9 + 21 - (-2 + 3 + 2)?
9
Evaluate 37 - 47 - (-29 + 9 + 0).
10
(-60 - -14) + 8 - (-5 - 10)
-23
Calculate (-4 - -15 - (3 + 8)) + (-17 - -3).
-14
-1 + 14 - (52 + -9 + -19)
-11
What is the value of 1 - (-19 - -6) - 24?
-10
Evaluate 10 + -19 + 3 + -3 + (20 - 2).
9
Calculate (1 - -3 - 5 - (3 - 8)) + 1.
5
Evaluate 7 + 20 + -20 + -15.
-8
6 + -26 - (-13 - -11)
-18
-53 - ((-80 - -33) + 20)
-26
What is the value of 1 - ((-8 - 2) + -10) - 2?
19
-5 - (-5 + 8 + 3 - 7)
-4
What is (46 - 57) + -2 + 2 + 6?
-5
-21 - (21 + -3) - -25
-14
What is 13 + -7 + (4 - -2) + (-8 - 0)?
4
Evaluate 31 + 14 + (-12 - 19).
14
What is the value of (-8 - -1) + (-23 - -5) + 46?
21
What is 39 - ((42 - -4) + -29)?
22
What is 5 + 14 + -2 + (1 - 6)?
12
Evaluate -39 - (42 - (-10 + 98)).
7
What is the value of (4 - (4 + -1)) + (15 - 13)?
3
What is 0 + 31 - 10 - 20?
1
Evaluate 8 + -3